{"id":5,"date":"2023-02-10T23:50:48","date_gmt":"2023-02-10T23:50:48","guid":{"rendered":"https:\/\/hagakure.hr\/?page_id=5"},"modified":"2025-09-28T21:52:26","modified_gmt":"2025-09-28T21:52:26","slug":"o-nama","status":"publish","type":"page","link":"https:\/\/hagakure.hr\/?page_id=5","title":{"rendered":"O NAMA"},"content":{"rendered":"\n<figure class=\"wp-block-pullquote\"><blockquote><p>BUJUTSU zahtjeva &#8220;biti bolji od sebe ju\u010der, prekju\u010der, prije godinu dana&#8230;&#8221;<\/p><\/blockquote><\/figure>\n\n\n\n<div class=\"wp-block-media-text alignwide is-stacked-on-mobile\"><figure class=\"wp-block-media-text__media\"><img loading=\"lazy\" decoding=\"async\" width=\"451\" height=\"448\" src=\"https:\/\/hagakure.hr\/wp-content\/uploads\/2023\/02\/27752340_938713312962874_3474089173661692973_n.png\" alt=\"\" class=\"wp-image-6 size-full\" srcset=\"https:\/\/hagakure.hr\/wp-content\/uploads\/2023\/02\/27752340_938713312962874_3474089173661692973_n.png 451w, https:\/\/hagakure.hr\/wp-content\/uploads\/2023\/02\/27752340_938713312962874_3474089173661692973_n-300x298.png 300w, https:\/\/hagakure.hr\/wp-content\/uploads\/2023\/02\/27752340_938713312962874_3474089173661692973_n-150x150.png 150w\" sizes=\"auto, (max-width: 451px) 100vw, 451px\" \/><\/figure><div class=\"wp-block-media-text__content\">\n<p>Udruga KORYU BUJUTSU HAGAKURE KAI kroz uvje\u017ebavanje, podu\u010davanje i prou\u010davanje tradicionalnih borila\u010dkih vje\u0161tina promovira zdrav i odgovoran na\u010dina \u017eivota. U sklopu Udruge je i \u0161kola tradicionalnih borila\u010dkih vje\u0161tina KOKU RYU KAI.<\/p>\n\n\n\n<p>BUJUTSU (borila\u010dke, ratni\u010dke vje\u0161tine) nije sport, jer sportovi previ\u0161e nagla\u0161avaju zahtjev natjecanja. BUJUTSU zahtjeva \u201cbiti bolji od sebe nego \u0161to smo bili ju\u010der, prekju\u010der, prije godinu dana\u2026\u201d. To je ratni\u010dka vje\u0161tina koja i danas ima svoju primjenu i nije samo vje\u0161tina borbe, jednako tako u\u010di nas kako da:<\/p>\n\n\n\n<ul class=\"wp-block-list\">\n<li>razumijemo postojanje i Svijet,<\/li>\n\n\n\n<li>razvijemo svoje psihi\u010dke i fizi\u010dke potencijale i ravnote\u017eu,<\/li>\n\n\n\n<li>sa\u010duvamo dobro zdravlje,<\/li>\n\n\n\n<li>razvijemo vlastitu kreativnost i radost \u017eivljenja, kao i entuzijazam i pozitivan duh, otvorimo se prema vanjskom svijetu i razvijemo komunikaciju,<\/li>\n\n\n\n<li>obogatimo svoju osobnost, razvijemo samopouzdanje, plemenitost i sebe kao cjelovitu osobu, kako da postanemo u svakom smislu bolji kao osobe.<\/li>\n<\/ul>\n\n\n\n<p>Oni koji nemaju iskreno i \u010disto srce i otvoren duh, ne mogu pravilno sagledati sebe i odbaciti svoj ego, te takvi i ne mogu dugo opstati u ovoj vje\u0161tini ili odu krivim putem.<\/p>\n<\/div><\/div>\n\n\n\n<p><\/p>\n\n\n\n<p>Put kroz<em> bujutsu<\/em> mo\u017ee biti i surov, ali i vrlo iskren prema nama, ba\u0161 kao i \u017eivot. U\u010di nas primati udarce suparnika i sudbine i uzvra\u0107ati im. U\u010di nas kako da prihvatimo bol kao dio stvarnosti, da ne posustanemo pred zaprekama, nego da sa svakom preprekom i problemom rastemo dalje i vi\u0161e kao ljudi. Svaki problem u \u017eivotu koji nai\u0111e pred nas ima svoj razlog. Rje\u0161avaju\u0107i i prihva\u0107aju\u0107i takve probleme, postajemo u psihi sve ja\u010di i bolji. Oni slabiji predaju se samosa\u017ealjenju. Vje\u017ebati<em> bujutsu<\/em> kao ratni\u010dku vje\u0161tinu, predstavlja \u010dast i obvezu, vje\u017ebaju\u0107i i shva\u0107aju\u0107i <em>bujutsu<\/em> u\u017eivamo radost \u017eivota.<\/p>\n\n\n\n<p>Put do majstorstva, u bilo kojoj vje\u0161tini, nije lak, savladavanje vje\u0161tine te\u017eak je i predan posao, ono \u0161to se dobije na \u00ab<em>kraju puta\u00bb<\/em> je osje\u0107aj unutarnjeg mira, samopouzdanja, kontrole nad vlastitim tijelom u svakom trenutku (pozitivan stav i radost \u017eivljenja daje nam snage u trenutcima slabosti prilikom u\u010denja) a ono \u0161to dobijemo, dobili smo za \u010ditav \u017eivot.<\/p>\n\n\n\n<div class=\"wp-block-columns is-layout-flex wp-container-core-columns-is-layout-9d6595d7 wp-block-columns-is-layout-flex\">\n<div class=\"wp-block-column is-layout-flow wp-block-column-is-layout-flow\" style=\"flex-basis:100%\">\n<div class=\"wp-block-group alignwide\"><div class=\"wp-block-group__inner-container is-layout-constrained wp-block-group-is-layout-constrained\">\n<div class=\"wp-block-media-text alignwide has-media-on-the-right is-stacked-on-mobile is-vertically-aligned-center\" style=\"grid-template-columns:auto 52%\"><div class=\"wp-block-media-text__content\">\n<p><\/p>\n\n\n\n<p> Rad \u0161kole KOKU RYU KAN se temelji na podu\u010davanju \u010detiri osnovne borila\u010dke vje\u0161tine:<\/p>\n\n\n\n<ul class=\"wp-block-list\">\n<li>Tradicionalni Jujutsu (SHIZEN RYU i KOKU RYU &#8211; \u201cBlack dragon academy\u201d)<\/li>\n\n\n\n<li> Kempo (SHORIN KEMPO JUTSU)<\/li>\n\n\n\n<li>Kenjutsu (KATORI SHINTO RYU) i<\/li>\n\n\n\n<li> Karate (WADO RYU)<\/li>\n<\/ul>\n\n\n\n<p><br>Predsjednik udruge, voditelj \u0161kole i glavni instruktor je majstor, kyoshi Dinko Batur, nositelj 5. dan (go dan) Jujutsu (SHIZEN RYU) i Kempo (SHORIN KEMPO JUTSU) te 3. dan (san dan) Jujutsu (KOKU RYU) i Kenjutsu (KATORI SHINTO RYU).<\/p>\n\n\n\n<hr class=\"wp-block-separator has-alpha-channel-opacity\"\/>\n\n\n\n<p><\/p>\n\n\n\n<p>Treninzi se odvijaju u okviru Sekcije KEMPO u sklopu Hrvatske akademske sportske udruge SUBOS, u Studentskoj sportskoj dvorani MARTINOVKA<\/p>\n\n\n\n<p><br><br><br><br><\/p>\n<\/div><figure class=\"wp-block-media-text__media\"><img loading=\"lazy\" decoding=\"async\" width=\"1024\" height=\"1024\" src=\"https:\/\/hagakure.hr\/wp-content\/uploads\/2023\/03\/302487101_593272142490511_2680637648169619008_n-1024x1024.jpg\" alt=\"\" class=\"wp-image-75 size-full\" srcset=\"https:\/\/hagakure.hr\/wp-content\/uploads\/2023\/03\/302487101_593272142490511_2680637648169619008_n-1024x1024.jpg 1024w, https:\/\/hagakure.hr\/wp-content\/uploads\/2023\/03\/302487101_593272142490511_2680637648169619008_n-300x300.jpg 300w, https:\/\/hagakure.hr\/wp-content\/uploads\/2023\/03\/302487101_593272142490511_2680637648169619008_n-150x150.jpg 150w, https:\/\/hagakure.hr\/wp-content\/uploads\/2023\/03\/302487101_593272142490511_2680637648169619008_n-768x768.jpg 768w, https:\/\/hagakure.hr\/wp-content\/uploads\/2023\/03\/302487101_593272142490511_2680637648169619008_n.jpg 1063w\" sizes=\"auto, (max-width: 1024px) 100vw, 1024px\" \/><\/figure><\/div>\n<\/div><\/div>\n<\/div>\n<\/div>\n\n\n\n<p><\/p>\n","protected":false},"excerpt":{"rendered":"<p>BUJUTSU zahtjeva &#8220;biti bolji od sebe ju\u010der, prekju\u010der, prije godinu dana&#8230;&#8221; Put kroz bujutsu mo\u017ee biti i surov, ali i vrlo iskren prema nama, ba\u0161 kao i \u017eivot. U\u010di nas primati udarce suparnika i sudbine i uzvra\u0107ati im. U\u010di nas kako da prihvatimo bol kao dio stvarnosti, da ne posustanemo pred zaprekama, nego da sa svakom preprekom i problemom rastemo [&hellip;]<\/p>\n","protected":false},"author":1,"featured_media":0,"parent":0,"menu_order":0,"comment_status":"closed","ping_status":"closed","template":"","meta":{"footnotes":""},"class_list":["post-5","page","type-page","status-publish","hentry"],"_links":{"self":[{"href":"https:\/\/hagakure.hr\/index.php?rest_route=\/wp\/v2\/pages\/5","targetHints":{"allow":["GET"]}}],"collection":[{"href":"https:\/\/hagakure.hr\/index.php?rest_route=\/wp\/v2\/pages"}],"about":[{"href":"https:\/\/hagakure.hr\/index.php?rest_route=\/wp\/v2\/types\/page"}],"author":[{"embeddable":true,"href":"https:\/\/hagakure.hr\/index.php?rest_route=\/wp\/v2\/users\/1"}],"replies":[{"embeddable":true,"href":"https:\/\/hagakure.hr\/index.php?rest_route=%2Fwp%2Fv2%2Fcomments&post=5"}],"version-history":[{"count":31,"href":"https:\/\/hagakure.hr\/index.php?rest_route=\/wp\/v2\/pages\/5\/revisions"}],"predecessor-version":[{"id":265,"href":"https:\/\/hagakure.hr\/index.php?rest_route=\/wp\/v2\/pages\/5\/revisions\/265"}],"wp:attachment":[{"href":"https:\/\/hagakure.hr\/index.php?rest_route=%2Fwp%2Fv2%2Fmedia&parent=5"}],"curies":[{"name":"wp","href":"https:\/\/api.w.org\/{rel}","templated":true}]}}